{"id":2346,"date":"2021-03-26T07:24:38","date_gmt":"2021-03-26T07:24:38","guid":{"rendered":"https:\/\/aims-cameroon.org\/?post_type=event&#038;p=2346"},"modified":"2021-04-02T12:39:31","modified_gmt":"2021-04-02T12:39:31","slug":"mathematical-modeling-of-covid-19-transmission-dynamics-2","status":"publish","type":"event","link":"https:\/\/aims-cameroon.org\/fr\/event\/mathematical-modeling-of-covid-19-transmission-dynamics-2\/","title":{"rendered":"Mod\u00e9lisation math\u00e9matique de la dynamique de transmission du COVID-19"},"content":{"rendered":"","protected":false},"excerpt":{"rendered":"","protected":false},"author":4,"featured_media":3818,"parent":0,"template":"","meta":{"advgb_blocks_editor_width":"","advgb_blocks_columns_visual_guide":""},"tags":[],"event_types":[26],"event_times":[],"acf":[],"featured_img":"https:\/\/aims-cameroon.org\/wp-content\/uploads\/sites\/6\/2021\/03\/Ivan-Area.jpg","coauthors":[],"author_meta":{"author_link":"https:\/\/aims-cameroon.org\/fr\/author\/adel\/","display_name":"adel"},"relative_dates":{"created":"Publi\u00e9 5 ans il y a","modified":"Mis \u00e0 jour 5 ans il y a"},"absolute_dates":{"created":"Publi\u00e9 le mars 26, 2021","modified":"Mise \u00e0 jour le avril 2, 2021"},"absolute_dates_time":{"created":"Publi\u00e9 le mars 26, 2021 7:24  ","modified":"Mise \u00e0 jour le avril 2, 2021 12:39  "},"featured_img_caption":"","tax_additional":{"post_tag":{"linked":[],"unlinked":[],"slug":"post_tag","name":"\u00c9tiquettes"},"event_types":{"linked":["<a href=\"https:\/\/aims-cameroon.org\/fr\/event_type\/workshop\/\" class=\"advgb-post-tax-term\">Workshop<\/a>"],"unlinked":["<span class=\"advgb-post-tax-term\">Workshop<\/span>"],"slug":"event_types","name":"Event Type"},"event_times":{"linked":[],"unlinked":[],"slug":"event_times","name":"Event Time"}},"series_order":"","_links":{"self":[{"href":"https:\/\/aims-cameroon.org\/fr\/wp-json\/wp\/v2\/event\/2346"}],"collection":[{"href":"https:\/\/aims-cameroon.org\/fr\/wp-json\/wp\/v2\/event"}],"about":[{"href":"https:\/\/aims-cameroon.org\/fr\/wp-json\/wp\/v2\/types\/event"}],"author":[{"embeddable":true,"href":"https:\/\/aims-cameroon.org\/fr\/wp-json\/wp\/v2\/users\/4"}],"version-history":[{"count":3,"href":"https:\/\/aims-cameroon.org\/fr\/wp-json\/wp\/v2\/event\/2346\/revisions"}],"predecessor-version":[{"id":3820,"href":"https:\/\/aims-cameroon.org\/fr\/wp-json\/wp\/v2\/event\/2346\/revisions\/3820"}],"wp:featuredmedia":[{"embeddable":true,"href":"https:\/\/aims-cameroon.org\/fr\/wp-json\/wp\/v2\/media\/3818"}],"wp:attachment":[{"href":"https:\/\/aims-cameroon.org\/fr\/wp-json\/wp\/v2\/media?parent=2346"}],"wp:term":[{"taxonomy":"post_tag","embeddable":true,"href":"https:\/\/aims-cameroon.org\/fr\/wp-json\/wp\/v2\/tags?post=2346"},{"taxonomy":"event_types","embeddable":true,"href":"https:\/\/aims-cameroon.org\/fr\/wp-json\/wp\/v2\/event_types?post=2346"},{"taxonomy":"event_times","embeddable":true,"href":"https:\/\/aims-cameroon.org\/fr\/wp-json\/wp\/v2\/event_times?post=2346"}],"curies":[{"name":"wp","href":"https:\/\/api.w.org\/{rel}","templated":true}]}}

Modélisation mathématique de la dynamique de transmission du COVID-19

Publié 5 ans il y a

Mis à jour 5 ans il y a

Publié le mars 26, 2021

Mise à jour le avril 2, 2021

Publié le mars 26, 2021 7:24

Mise à jour le avril 2, 2021 12:39

Étiquettes
