{"id":5387,"date":"2021-08-18T09:29:59","date_gmt":"2021-08-18T09:29:59","guid":{"rendered":"https:\/\/aims-cameroon.org\/?post_type=event&#038;p=5387"},"modified":"2021-08-18T10:49:08","modified_gmt":"2021-08-18T10:49:08","slug":"online-conference-in-memory-of-professor-marco-andrea-garuti-on-august-21-from-2-pm-gmt1","status":"publish","type":"event","link":"https:\/\/aims-cameroon.org\/fr\/event\/online-conference-in-memory-of-professor-marco-andrea-garuti-on-august-21-from-2-pm-gmt1\/","title":{"rendered":"Online Conference in Memory of Professor Marco Andrea Garuti on August 21 from 2 pm (GMT+1)"},"content":{"rendered":"<p>The Centre President, Prof. Dr. Mama Foupouagnigni, invites you to join AIMS Cameroon via Zoom on Saturday, August 21, from 2 p.m. to 5 p.m to celebrate the life and legacy of Marco. <\/p>\n\n\n\n<p>In this celebration, we will walk his life&#8217;s journey through stories from people who knew him, visiting the places that were dear to him, listening to the music that moved him, and reliving the friendships that gave meaning to his work. Stopping at every turn to remember the moments where he took a break from himself to help start a career, or boost morale for a struggling young scientist. This will be in every respect, a celebration of his signature selflessness, and in the spirit of his kindness, we ask that you join us, from where ever you are. <\/p>\n\n\n\n<p>You can register here: <a href=\"https:\/\/forms.office.com\/r\/jYivMCc9Km\">https:\/\/forms.office.com\/r\/jYivMCc9Km<\/a> to receive your login information by e-mail. May our many memories of Marco help to sustain us at this most difficult time.<\/p>\n\n\n\n<p><a href=\"https:\/\/www.facebook.com\/hashtag\/rememberingmarco?__eep__=6&amp;__cft__[0]=AZXl32QeE696taLwd27gx52CFM7wvm5aWRvGqVapNd7g220evsF3nP3HtcRBQ5zM8h0G0hHhDnizk2kanugxzLpRHYfJARbamhrQKOgoR8h7RDChQDDgLs6gTZT1I0B53zCmVu6bmrRgalqV-_4wgRIysYohzIDjzWlL3p-_RiJWpzkh7nRqzMYEWgWDmcKXTA0&amp;__tn__=*NK-R\">#RememberingMarco<\/a><\/p>\n\n\n\n<figure class=\"wp-block-image\"><img decoding=\"async\" src=\"\" alt=\"\" \/><\/figure>\n\n\n\n<figure class=\"wp-block-image\"><img decoding=\"async\" src=\"\" alt=\"\" \/><\/figure>\n\n\n\n<p><\/p>","protected":false},"excerpt":{"rendered":"<p>The Centre President, Prof. Dr. Mama Foupouagnigni, invites you to join AIMS Cameroon via Zoom on Saturday, August 21, from 2 p.m. to 5 p.m to celebrate the life and legacy of Marco. In this celebration, we will walk his life&#8217;s journey through stories from people who knew him, visiting the places that were dear<\/p>","protected":false},"author":13,"featured_media":5388,"parent":0,"template":"","meta":{"advgb_blocks_editor_width":"","advgb_blocks_columns_visual_guide":""},"tags":[],"event_types":[28],"event_times":[],"acf":[],"featured_img":"https:\/\/aims-cameroon.org\/wp-content\/uploads\/sites\/6\/2021\/08\/Marco-Garuti-Online-conference.jpg","coauthors":[],"author_meta":{"author_link":"https:\/\/aims-cameroon.org\/fr\/author\/george\/","display_name":"george"},"relative_dates":{"created":"Publi\u00e9 5 ans il y a","modified":"Mis \u00e0 jour 5 ans il y a"},"absolute_dates":{"created":"Publi\u00e9 le ao\u00fbt 18, 2021","modified":"Mise \u00e0 jour le ao\u00fbt 18, 2021"},"absolute_dates_time":{"created":"Publi\u00e9 le ao\u00fbt 18, 2021 9:29  ","modified":"Mise \u00e0 jour le ao\u00fbt 18, 2021 10:49  "},"featured_img_caption":"","tax_additional":{"post_tag":{"linked":[],"unlinked":[],"slug":"post_tag","name":"\u00c9tiquettes"},"event_types":{"linked":["<a href=\"https:\/\/aims-cameroon.org\/fr\/event_type\/public\/\" class=\"advgb-post-tax-term\">Public<\/a>"],"unlinked":["<span class=\"advgb-post-tax-term\">Public<\/span>"],"slug":"event_types","name":"Event Type"},"event_times":{"linked":[],"unlinked":[],"slug":"event_times","name":"Event Time"}},"series_order":"","_links":{"self":[{"href":"https:\/\/aims-cameroon.org\/fr\/wp-json\/wp\/v2\/event\/5387"}],"collection":[{"href":"https:\/\/aims-cameroon.org\/fr\/wp-json\/wp\/v2\/event"}],"about":[{"href":"https:\/\/aims-cameroon.org\/fr\/wp-json\/wp\/v2\/types\/event"}],"author":[{"embeddable":true,"href":"https:\/\/aims-cameroon.org\/fr\/wp-json\/wp\/v2\/users\/13"}],"version-history":[{"count":6,"href":"https:\/\/aims-cameroon.org\/fr\/wp-json\/wp\/v2\/event\/5387\/revisions"}],"predecessor-version":[{"id":5396,"href":"https:\/\/aims-cameroon.org\/fr\/wp-json\/wp\/v2\/event\/5387\/revisions\/5396"}],"wp:featuredmedia":[{"embeddable":true,"href":"https:\/\/aims-cameroon.org\/fr\/wp-json\/wp\/v2\/media\/5388"}],"wp:attachment":[{"href":"https:\/\/aims-cameroon.org\/fr\/wp-json\/wp\/v2\/media?parent=5387"}],"wp:term":[{"taxonomy":"post_tag","embeddable":true,"href":"https:\/\/aims-cameroon.org\/fr\/wp-json\/wp\/v2\/tags?post=5387"},{"taxonomy":"event_types","embeddable":true,"href":"https:\/\/aims-cameroon.org\/fr\/wp-json\/wp\/v2\/event_types?post=5387"},{"taxonomy":"event_times","embeddable":true,"href":"https:\/\/aims-cameroon.org\/fr\/wp-json\/wp\/v2\/event_times?post=5387"}],"curies":[{"name":"wp","href":"https:\/\/api.w.org\/{rel}","templated":true}]}}

Publié 5 ans il y a

Mis à jour 5 ans il y a

Publié le août 18, 2021

Mise à jour le août 18, 2021

Publié le août 18, 2021 9:29

Mise à jour le août 18, 2021 10:49

Étiquettes
