{"id":5603,"date":"2021-09-15T10:36:09","date_gmt":"2021-09-15T10:36:09","guid":{"rendered":"https:\/\/aims-cameroon.org\/?post_type=event&#038;p=5603"},"modified":"2021-09-15T13:50:03","modified_gmt":"2021-09-15T13:50:03","slug":"sharp-quantitative-faber-krahn-inequalities-and-the-alt-caffarelli-fredman-monotonicity-formula","status":"publish","type":"event","link":"https:\/\/aims-cameroon.org\/fr\/event\/sharp-quantitative-faber-krahn-inequalities-and-the-alt-caffarelli-fredman-monotonicity-formula\/","title":{"rendered":"Sharp Quantitative Faber-Krahn inequalities and the Alt-Caffarelli-Fredman Monotonicity Formula"},"content":{"rendered":"<p>The Colloquium will be focused on this research work by Mark Allen of Brigham Young University in the USA. He establishes the new sharp quantitative estimates for Faber-Krahn inequalities on Euclidean space, the round sphere and hyperbolic space and then applies these inequalities in order to establish a quantitative form of the Alt-Caffarelli-Friedman monotonicity formula. This is joint work with Dennis Kriventsov and Robin Neumayer.<\/p>\n\n\n\n<p>This will be the first Talk in AIMS-Cameroon Research Center Colloquium series during Fall 2021 (September 21 &#8211; November 30, 2021)<\/p>","protected":false},"excerpt":{"rendered":"<p>The Colloquium will be focused on this research work by Mark Allen of Brigham Young University in the USA. He establishes the new sharp quantitative estimates for Faber-Krahn inequalities on Euclidean space, the round sphere and hyperbolic space and then applies these inequalities in order to establish a quantitative form of the Alt-Caffarelli-Friedman monotonicity formula.<\/p>","protected":false},"author":13,"featured_media":5604,"parent":0,"template":"","meta":{"advgb_blocks_editor_width":"","advgb_blocks_columns_visual_guide":""},"tags":[],"event_types":[26],"event_times":[],"acf":[],"featured_img":"https:\/\/aims-cameroon.org\/wp-content\/uploads\/sites\/6\/2021\/09\/Allen1.jpg","coauthors":[],"author_meta":{"author_link":"https:\/\/aims-cameroon.org\/fr\/author\/george\/","display_name":"george"},"relative_dates":{"created":"Publi\u00e9 5 ans il y a","modified":"Mis \u00e0 jour 5 ans il y a"},"absolute_dates":{"created":"Publi\u00e9 le septembre 15, 2021","modified":"Mise \u00e0 jour le septembre 15, 2021"},"absolute_dates_time":{"created":"Publi\u00e9 le septembre 15, 2021 10:36  ","modified":"Mise \u00e0 jour le septembre 15, 2021 1:50  "},"featured_img_caption":"","tax_additional":{"post_tag":{"linked":[],"unlinked":[],"slug":"post_tag","name":"\u00c9tiquettes"},"event_types":{"linked":["<a href=\"https:\/\/aims-cameroon.org\/fr\/event_type\/workshop\/\" class=\"advgb-post-tax-term\">Workshop<\/a>"],"unlinked":["<span class=\"advgb-post-tax-term\">Workshop<\/span>"],"slug":"event_types","name":"Event Type"},"event_times":{"linked":[],"unlinked":[],"slug":"event_times","name":"Event Time"}},"series_order":"","_links":{"self":[{"href":"https:\/\/aims-cameroon.org\/fr\/wp-json\/wp\/v2\/event\/5603"}],"collection":[{"href":"https:\/\/aims-cameroon.org\/fr\/wp-json\/wp\/v2\/event"}],"about":[{"href":"https:\/\/aims-cameroon.org\/fr\/wp-json\/wp\/v2\/types\/event"}],"author":[{"embeddable":true,"href":"https:\/\/aims-cameroon.org\/fr\/wp-json\/wp\/v2\/users\/13"}],"version-history":[{"count":4,"href":"https:\/\/aims-cameroon.org\/fr\/wp-json\/wp\/v2\/event\/5603\/revisions"}],"predecessor-version":[{"id":5608,"href":"https:\/\/aims-cameroon.org\/fr\/wp-json\/wp\/v2\/event\/5603\/revisions\/5608"}],"wp:featuredmedia":[{"embeddable":true,"href":"https:\/\/aims-cameroon.org\/fr\/wp-json\/wp\/v2\/media\/5604"}],"wp:attachment":[{"href":"https:\/\/aims-cameroon.org\/fr\/wp-json\/wp\/v2\/media?parent=5603"}],"wp:term":[{"taxonomy":"post_tag","embeddable":true,"href":"https:\/\/aims-cameroon.org\/fr\/wp-json\/wp\/v2\/tags?post=5603"},{"taxonomy":"event_types","embeddable":true,"href":"https:\/\/aims-cameroon.org\/fr\/wp-json\/wp\/v2\/event_types?post=5603"},{"taxonomy":"event_times","embeddable":true,"href":"https:\/\/aims-cameroon.org\/fr\/wp-json\/wp\/v2\/event_times?post=5603"}],"curies":[{"name":"wp","href":"https:\/\/api.w.org\/{rel}","templated":true}]}}

Publié 5 ans il y a

Mis à jour 5 ans il y a

Publié le septembre 15, 2021

Mise à jour le septembre 15, 2021

Publié le septembre 15, 2021 10:36

Mise à jour le septembre 15, 2021 1:50

Étiquettes
