{"id":6077,"date":"2021-11-15T09:51:56","date_gmt":"2021-11-15T09:51:56","guid":{"rendered":"https:\/\/aims-cameroon.org\/?post_type=event&#038;p=6077"},"modified":"2021-11-15T09:52:04","modified_gmt":"2021-11-15T09:52:04","slug":"the-stickiness-property-of-nonlocal-minimal-surfaces","status":"publish","type":"event","link":"https:\/\/aims-cameroon.org\/fr\/event\/the-stickiness-property-of-nonlocal-minimal-surfaces\/","title":{"rendered":"The Stickiness Property of Nonlocal Minimal Surfaces"},"content":{"rendered":"<p>Surfaces that minimize a nonlocal perimeter functional exhibit quite different behaviors than the ones minimizing the classical perimeter. Among these peculiar features, an interesting property, which is also in contrast with the pattern produced by the solutions of linear equations, is given by the capacity, and the strong tendency, of adhering at the boundary. We will discuss this phenomenon and present some recent results.<\/p>","protected":false},"excerpt":{"rendered":"<p>Surfaces that minimize a nonlocal perimeter functional exhibit quite different behaviors than the ones minimizing the classical perimeter. Among these peculiar features, an interesting property, which is also in contrast with the pattern produced by the solutions of linear equations, is given by the capacity, and the strong tendency, of adhering at the boundary. We<\/p>","protected":false},"author":13,"featured_media":6078,"parent":0,"template":"","meta":{"advgb_blocks_editor_width":"","advgb_blocks_columns_visual_guide":""},"tags":[],"event_types":[26],"event_times":[],"acf":[],"featured_img":"https:\/\/aims-cameroon.org\/wp-content\/uploads\/sites\/6\/2021\/11\/AIMS-Virtual_Colloquium.png","coauthors":[],"author_meta":{"author_link":"https:\/\/aims-cameroon.org\/fr\/author\/george\/","display_name":"george"},"relative_dates":{"created":"Publi\u00e9 4 ans il y a","modified":"Mis \u00e0 jour 4 ans il y a"},"absolute_dates":{"created":"Publi\u00e9 le novembre 15, 2021","modified":"Mise \u00e0 jour le novembre 15, 2021"},"absolute_dates_time":{"created":"Publi\u00e9 le novembre 15, 2021 9:51  ","modified":"Mise \u00e0 jour le novembre 15, 2021 9:52  "},"featured_img_caption":"","tax_additional":{"post_tag":{"linked":[],"unlinked":[],"slug":"post_tag","name":"\u00c9tiquettes"},"event_types":{"linked":["<a href=\"https:\/\/aims-cameroon.org\/fr\/event_type\/workshop\/\" class=\"advgb-post-tax-term\">Workshop<\/a>"],"unlinked":["<span class=\"advgb-post-tax-term\">Workshop<\/span>"],"slug":"event_types","name":"Event Type"},"event_times":{"linked":[],"unlinked":[],"slug":"event_times","name":"Event Time"}},"series_order":"","_links":{"self":[{"href":"https:\/\/aims-cameroon.org\/fr\/wp-json\/wp\/v2\/event\/6077"}],"collection":[{"href":"https:\/\/aims-cameroon.org\/fr\/wp-json\/wp\/v2\/event"}],"about":[{"href":"https:\/\/aims-cameroon.org\/fr\/wp-json\/wp\/v2\/types\/event"}],"author":[{"embeddable":true,"href":"https:\/\/aims-cameroon.org\/fr\/wp-json\/wp\/v2\/users\/13"}],"version-history":[{"count":2,"href":"https:\/\/aims-cameroon.org\/fr\/wp-json\/wp\/v2\/event\/6077\/revisions"}],"predecessor-version":[{"id":6080,"href":"https:\/\/aims-cameroon.org\/fr\/wp-json\/wp\/v2\/event\/6077\/revisions\/6080"}],"wp:featuredmedia":[{"embeddable":true,"href":"https:\/\/aims-cameroon.org\/fr\/wp-json\/wp\/v2\/media\/6078"}],"wp:attachment":[{"href":"https:\/\/aims-cameroon.org\/fr\/wp-json\/wp\/v2\/media?parent=6077"}],"wp:term":[{"taxonomy":"post_tag","embeddable":true,"href":"https:\/\/aims-cameroon.org\/fr\/wp-json\/wp\/v2\/tags?post=6077"},{"taxonomy":"event_types","embeddable":true,"href":"https:\/\/aims-cameroon.org\/fr\/wp-json\/wp\/v2\/event_types?post=6077"},{"taxonomy":"event_times","embeddable":true,"href":"https:\/\/aims-cameroon.org\/fr\/wp-json\/wp\/v2\/event_times?post=6077"}],"curies":[{"name":"wp","href":"https:\/\/api.w.org\/{rel}","templated":true}]}}

Publié 4 ans il y a

Mis à jour 4 ans il y a

Publié le novembre 15, 2021

Mise à jour le novembre 15, 2021

Publié le novembre 15, 2021 9:51

Mise à jour le novembre 15, 2021 9:52

Étiquettes
