{"id":2969,"date":"2021-03-28T17:12:06","date_gmt":"2021-03-28T17:12:06","guid":{"rendered":"https:\/\/aims-cameroon.org\/?post_type=publication&#038;p=2969"},"modified":"2021-03-30T15:07:41","modified_gmt":"2021-03-30T15:07:41","slug":"attenuated-internal-reflection-at-an-interface-with-a-phase-change-material-attenuated-internal-reflection-at-an-interface-with-a-phase-change-material-optics-communications-2019-p-6","status":"publish","type":"publication","link":"https:\/\/aims-cameroon.org\/fr\/publication\/attenuated-internal-reflection-at-an-interface-with-a-phase-change-material-attenuated-internal-reflection-at-an-interface-with-a-phase-change-material-optics-communications-2019-p-6\/","title":{"rendered":"R\u00e9flexion interne att\u00e9nu\u00e9e \u00e0 une interface avec un mat\u00e9riau \u00e0 changement de phase; R\u00e9flexion interne att\u00e9nu\u00e9e \u00e0 une interface avec un mat\u00e9riau \u00e0 changement de phase; Communications optiques; 2019; p.6"},"content":{"rendered":"<p>Safarou Nandja et Alain Hach\u00e9;<\/p>","protected":false},"excerpt":{"rendered":"<p>Safarou Nandja et Alain Hach\u00e9;<\/p>","protected":false},"author":4,"featured_media":0,"parent":0,"template":"","meta":{"advgb_blocks_editor_width":"","advgb_blocks_columns_visual_guide":""},"tags":[46],"subject_types":[],"publication_types":[50],"acf":[],"featured_img":false,"coauthors":[],"author_meta":{"author_link":"https:\/\/aims-cameroon.org\/fr\/author\/adel\/","display_name":"adel"},"relative_dates":{"created":"Publi\u00e9 5 ans il y a","modified":"Mis \u00e0 jour 5 ans il y a"},"absolute_dates":{"created":"Publi\u00e9 le mars 28, 2021","modified":"Mise \u00e0 jour le mars 30, 2021"},"absolute_dates_time":{"created":"Publi\u00e9 le mars 28, 2021 5:12  ","modified":"Mise \u00e0 jour le mars 30, 2021 3:07  "},"featured_img_caption":"","tax_additional":{"post_tag":{"linked":["<a href=\"https:\/\/aims-cameroon.org\/fr\/tag\/alumni\/\" class=\"advgb-post-tax-term\">Alumni<\/a>"],"unlinked":["<span class=\"advgb-post-tax-term\">Alumni<\/span>"],"slug":"post_tag","name":"\u00c9tiquettes"},"subject_types":{"linked":[],"unlinked":[],"slug":"subject_types","name":"subject Type"},"publication_types":{"linked":["<a href=\"https:\/\/aims-cameroon.org\/fr\/publication_type\/alumni\/\" class=\"advgb-post-tax-term\">Alumni<\/a>"],"unlinked":["<span class=\"advgb-post-tax-term\">Alumni<\/span>"],"slug":"publication_types","name":"Publication Type"}},"series_order":"","_links":{"self":[{"href":"https:\/\/aims-cameroon.org\/fr\/wp-json\/wp\/v2\/publication\/2969"}],"collection":[{"href":"https:\/\/aims-cameroon.org\/fr\/wp-json\/wp\/v2\/publication"}],"about":[{"href":"https:\/\/aims-cameroon.org\/fr\/wp-json\/wp\/v2\/types\/publication"}],"author":[{"embeddable":true,"href":"https:\/\/aims-cameroon.org\/fr\/wp-json\/wp\/v2\/users\/4"}],"version-history":[{"count":1,"href":"https:\/\/aims-cameroon.org\/fr\/wp-json\/wp\/v2\/publication\/2969\/revisions"}],"predecessor-version":[{"id":2970,"href":"https:\/\/aims-cameroon.org\/fr\/wp-json\/wp\/v2\/publication\/2969\/revisions\/2970"}],"wp:attachment":[{"href":"https:\/\/aims-cameroon.org\/fr\/wp-json\/wp\/v2\/media?parent=2969"}],"wp:term":[{"taxonomy":"post_tag","embeddable":true,"href":"https:\/\/aims-cameroon.org\/fr\/wp-json\/wp\/v2\/tags?post=2969"},{"taxonomy":"subject_types","embeddable":true,"href":"https:\/\/aims-cameroon.org\/fr\/wp-json\/wp\/v2\/subject_types?post=2969"},{"taxonomy":"publication_types","embeddable":true,"href":"https:\/\/aims-cameroon.org\/fr\/wp-json\/wp\/v2\/publication_types?post=2969"}],"curies":[{"name":"wp","href":"https:\/\/api.w.org\/{rel}","templated":true}]}}

Réflexion interne atténuée à une interface avec un matériau à changement de phase; Réflexion interne atténuée à une interface avec un matériau à changement de phase; Communications optiques; 2019; p.6

<p>Safarou Nandja et Alain Haché;</p>

Publié 5 ans il y a

Mis à jour 5 ans il y a

Publié le mars 28, 2021

Mise à jour le mars 30, 2021

Publié le mars 28, 2021 5:12

Mise à jour le mars 30, 2021 3:07

Étiquettes
