{"id":3006,"date":"2021-03-28T17:28:50","date_gmt":"2021-03-28T17:28:50","guid":{"rendered":"https:\/\/aims-cameroon.org\/?post_type=publication&#038;p=3006"},"modified":"2021-03-30T15:06:44","modified_gmt":"2021-03-30T15:06:44","slug":"small-500-kw-onshore-wind-farm-project-in-kribicameroon-sizing-and-checkers-layout-optimization-model-energy-reports-elservier-2018-4pp-7","status":"publish","type":"publication","link":"https:\/\/aims-cameroon.org\/fr\/publication\/small-500-kw-onshore-wind-farm-project-in-kribicameroon-sizing-and-checkers-layout-optimization-model-energy-reports-elservier-2018-4pp-7\/","title":{"rendered":"\u00abPetit projet de parc \u00e9olien terrestre de 500 kW \u00e0 Kribi, Cameroun: mod\u00e8le d&#039;optimisation de dimensionnement et de mise en page des contr\u00f4leurs\u00bb; Rapports \u00e9nerg\u00e9tiques; Elservier; 2018; 4, pp.7-;"},"content":{"rendered":"<p>Nkongho Ayuketang A, Ebobenow Joseph;<\/p>","protected":false},"excerpt":{"rendered":"<p>Nkongho Ayuketang A, Ebobenow Joseph;<\/p>","protected":false},"author":4,"featured_media":0,"parent":0,"template":"","meta":{"advgb_blocks_editor_width":"","advgb_blocks_columns_visual_guide":""},"tags":[46],"subject_types":[],"publication_types":[50],"acf":[],"featured_img":false,"coauthors":[],"author_meta":{"author_link":"https:\/\/aims-cameroon.org\/fr\/author\/adel\/","display_name":"adel"},"relative_dates":{"created":"Publi\u00e9 5 ans il y a","modified":"Mis \u00e0 jour 5 ans il y a"},"absolute_dates":{"created":"Publi\u00e9 le mars 28, 2021","modified":"Mise \u00e0 jour le mars 30, 2021"},"absolute_dates_time":{"created":"Publi\u00e9 le mars 28, 2021 5:28  ","modified":"Mise \u00e0 jour le mars 30, 2021 3:06  "},"featured_img_caption":"","tax_additional":{"post_tag":{"linked":["<a href=\"https:\/\/aims-cameroon.org\/fr\/tag\/alumni\/\" class=\"advgb-post-tax-term\">Alumni<\/a>"],"unlinked":["<span class=\"advgb-post-tax-term\">Alumni<\/span>"],"slug":"post_tag","name":"\u00c9tiquettes"},"subject_types":{"linked":[],"unlinked":[],"slug":"subject_types","name":"subject Type"},"publication_types":{"linked":["<a href=\"https:\/\/aims-cameroon.org\/fr\/publication_type\/alumni\/\" class=\"advgb-post-tax-term\">Alumni<\/a>"],"unlinked":["<span class=\"advgb-post-tax-term\">Alumni<\/span>"],"slug":"publication_types","name":"Publication Type"}},"series_order":"","_links":{"self":[{"href":"https:\/\/aims-cameroon.org\/fr\/wp-json\/wp\/v2\/publication\/3006"}],"collection":[{"href":"https:\/\/aims-cameroon.org\/fr\/wp-json\/wp\/v2\/publication"}],"about":[{"href":"https:\/\/aims-cameroon.org\/fr\/wp-json\/wp\/v2\/types\/publication"}],"author":[{"embeddable":true,"href":"https:\/\/aims-cameroon.org\/fr\/wp-json\/wp\/v2\/users\/4"}],"version-history":[{"count":2,"href":"https:\/\/aims-cameroon.org\/fr\/wp-json\/wp\/v2\/publication\/3006\/revisions"}],"predecessor-version":[{"id":3008,"href":"https:\/\/aims-cameroon.org\/fr\/wp-json\/wp\/v2\/publication\/3006\/revisions\/3008"}],"wp:attachment":[{"href":"https:\/\/aims-cameroon.org\/fr\/wp-json\/wp\/v2\/media?parent=3006"}],"wp:term":[{"taxonomy":"post_tag","embeddable":true,"href":"https:\/\/aims-cameroon.org\/fr\/wp-json\/wp\/v2\/tags?post=3006"},{"taxonomy":"subject_types","embeddable":true,"href":"https:\/\/aims-cameroon.org\/fr\/wp-json\/wp\/v2\/subject_types?post=3006"},{"taxonomy":"publication_types","embeddable":true,"href":"https:\/\/aims-cameroon.org\/fr\/wp-json\/wp\/v2\/publication_types?post=3006"}],"curies":[{"name":"wp","href":"https:\/\/api.w.org\/{rel}","templated":true}]}}

«Petit projet de parc éolien terrestre de 500 kW à Kribi, Cameroun: modèle d&#039;optimisation de dimensionnement et de mise en page des contrôleurs»; Rapports énergétiques; Elservier; 2018; 4, pp.7-;

Publié 5 ans il y a

Mis à jour 5 ans il y a

Publié le mars 28, 2021

Mise à jour le mars 30, 2021

Publié le mars 28, 2021 5:28

Mise à jour le mars 30, 2021 3:06

Étiquettes
