{"id":5745,"date":"2021-09-29T13:55:08","date_gmt":"2021-09-29T13:55:08","guid":{"rendered":"https:\/\/aims-cameroon.org\/?post_type=publication&#038;p=5745"},"modified":"2021-09-29T13:55:10","modified_gmt":"2021-09-29T13:55:10","slug":"on-fractional-calculus-with-analytic-kernels-with-respect-to-functions-2","status":"publish","type":"publication","link":"https:\/\/aims-cameroon.org\/fr\/publication\/on-fractional-calculus-with-analytic-kernels-with-respect-to-functions-2\/","title":{"rendered":"On Fractional Calculus With Analytic Kernels With Respect To Functions"},"content":{"rendered":"<p>Jean-Daniel Djida, Christian Maxime Steve Oumarou, Hafiz Muhammad Fahad, Arran Fernandez<\/p>","protected":false},"excerpt":{"rendered":"<p>Jean-Daniel Djida, Christian Maxime Steve Oumarou, Hafiz Muhammad Fahad, Arran Fernandez<\/p>","protected":false},"author":13,"featured_media":0,"parent":0,"template":"","meta":{"advgb_blocks_editor_width":"","advgb_blocks_columns_visual_guide":""},"tags":[],"subject_types":[],"publication_types":[],"acf":[],"featured_img":false,"coauthors":[],"author_meta":{"author_link":"https:\/\/aims-cameroon.org\/fr\/author\/george\/","display_name":"george"},"relative_dates":{"created":"Publi\u00e9 5 ans il y a","modified":"Mis \u00e0 jour 5 ans il y a"},"absolute_dates":{"created":"Publi\u00e9 le septembre 29, 2021","modified":"Mise \u00e0 jour le septembre 29, 2021"},"absolute_dates_time":{"created":"Publi\u00e9 le septembre 29, 2021 1:55  ","modified":"Mise \u00e0 jour le septembre 29, 2021 1:55  "},"featured_img_caption":"","tax_additional":{"post_tag":{"linked":[],"unlinked":[],"slug":"post_tag","name":"\u00c9tiquettes"},"subject_types":{"linked":[],"unlinked":[],"slug":"subject_types","name":"subject Type"},"publication_types":{"linked":[],"unlinked":[],"slug":"publication_types","name":"Publication Type"}},"series_order":"","_links":{"self":[{"href":"https:\/\/aims-cameroon.org\/fr\/wp-json\/wp\/v2\/publication\/5745"}],"collection":[{"href":"https:\/\/aims-cameroon.org\/fr\/wp-json\/wp\/v2\/publication"}],"about":[{"href":"https:\/\/aims-cameroon.org\/fr\/wp-json\/wp\/v2\/types\/publication"}],"author":[{"embeddable":true,"href":"https:\/\/aims-cameroon.org\/fr\/wp-json\/wp\/v2\/users\/13"}],"version-history":[{"count":2,"href":"https:\/\/aims-cameroon.org\/fr\/wp-json\/wp\/v2\/publication\/5745\/revisions"}],"predecessor-version":[{"id":5748,"href":"https:\/\/aims-cameroon.org\/fr\/wp-json\/wp\/v2\/publication\/5745\/revisions\/5748"}],"wp:attachment":[{"href":"https:\/\/aims-cameroon.org\/fr\/wp-json\/wp\/v2\/media?parent=5745"}],"wp:term":[{"taxonomy":"post_tag","embeddable":true,"href":"https:\/\/aims-cameroon.org\/fr\/wp-json\/wp\/v2\/tags?post=5745"},{"taxonomy":"subject_types","embeddable":true,"href":"https:\/\/aims-cameroon.org\/fr\/wp-json\/wp\/v2\/subject_types?post=5745"},{"taxonomy":"publication_types","embeddable":true,"href":"https:\/\/aims-cameroon.org\/fr\/wp-json\/wp\/v2\/publication_types?post=5745"}],"curies":[{"name":"wp","href":"https:\/\/api.w.org\/{rel}","templated":true}]}}

Publié 5 ans il y a

Mis à jour 5 ans il y a

Publié le septembre 29, 2021

Mise à jour le septembre 29, 2021

Publié le septembre 29, 2021 1:55

Mise à jour le septembre 29, 2021 1:55

Étiquettes
