{"id":8282,"date":"2024-09-19T14:53:27","date_gmt":"2024-09-19T14:53:27","guid":{"rendered":"https:\/\/aims-cameroon.org\/?post_type=publication&#038;p=8282"},"modified":"2024-09-19T14:53:28","modified_gmt":"2024-09-19T14:53:28","slug":"can-the-kohn-sham-gap-be-larger-than-the-fundamental-gap","status":"publish","type":"publication","link":"https:\/\/aims-cameroon.org\/fr\/publication\/can-the-kohn-sham-gap-be-larger-than-the-fundamental-gap\/","title":{"rendered":"&#8220;Can the Kohn\u2013Sham gap be larger than the fundamental gap?&#8221;"},"content":{"rendered":"<p>Kossi Kety  and\u00a0 Daniel Joubert \u00a0<\/p>","protected":false},"excerpt":{"rendered":"<p>Kossi Kety and\u00a0 Daniel Joubert \u00a0<\/p>","protected":false},"author":20,"featured_media":0,"parent":0,"template":"","meta":{"advgb_blocks_editor_width":"","advgb_blocks_columns_visual_guide":""},"tags":[],"subject_types":[73],"publication_types":[50],"acf":[],"featured_img":false,"coauthors":[],"author_meta":{"author_link":"https:\/\/aims-cameroon.org\/fr\/author\/nathalie\/","display_name":"nathalie"},"relative_dates":{"created":"Publi\u00e9 2 ans il y a","modified":"Mis \u00e0 jour 2 ans il y a"},"absolute_dates":{"created":"Publi\u00e9 le septembre 19, 2024","modified":"Mise \u00e0 jour le septembre 19, 2024"},"absolute_dates_time":{"created":"Publi\u00e9 le septembre 19, 2024 2:53  ","modified":"Mise \u00e0 jour le septembre 19, 2024 2:53  "},"featured_img_caption":"","tax_additional":{"post_tag":{"linked":[],"unlinked":[],"slug":"post_tag","name":"\u00c9tiquettes"},"subject_types":{"linked":["<a href=\"https:\/\/aims-cameroon.org\/fr\/subject_type\/physics\/\" class=\"advgb-post-tax-term\">Physics<\/a>"],"unlinked":["<span class=\"advgb-post-tax-term\">Physics<\/span>"],"slug":"subject_types","name":"subject Type"},"publication_types":{"linked":["<a href=\"https:\/\/aims-cameroon.org\/fr\/publication_type\/alumni\/\" class=\"advgb-post-tax-term\">Alumni<\/a>"],"unlinked":["<span class=\"advgb-post-tax-term\">Alumni<\/span>"],"slug":"publication_types","name":"Publication Type"}},"series_order":"","_links":{"self":[{"href":"https:\/\/aims-cameroon.org\/fr\/wp-json\/wp\/v2\/publication\/8282"}],"collection":[{"href":"https:\/\/aims-cameroon.org\/fr\/wp-json\/wp\/v2\/publication"}],"about":[{"href":"https:\/\/aims-cameroon.org\/fr\/wp-json\/wp\/v2\/types\/publication"}],"author":[{"embeddable":true,"href":"https:\/\/aims-cameroon.org\/fr\/wp-json\/wp\/v2\/users\/20"}],"version-history":[{"count":2,"href":"https:\/\/aims-cameroon.org\/fr\/wp-json\/wp\/v2\/publication\/8282\/revisions"}],"predecessor-version":[{"id":8284,"href":"https:\/\/aims-cameroon.org\/fr\/wp-json\/wp\/v2\/publication\/8282\/revisions\/8284"}],"wp:attachment":[{"href":"https:\/\/aims-cameroon.org\/fr\/wp-json\/wp\/v2\/media?parent=8282"}],"wp:term":[{"taxonomy":"post_tag","embeddable":true,"href":"https:\/\/aims-cameroon.org\/fr\/wp-json\/wp\/v2\/tags?post=8282"},{"taxonomy":"subject_types","embeddable":true,"href":"https:\/\/aims-cameroon.org\/fr\/wp-json\/wp\/v2\/subject_types?post=8282"},{"taxonomy":"publication_types","embeddable":true,"href":"https:\/\/aims-cameroon.org\/fr\/wp-json\/wp\/v2\/publication_types?post=8282"}],"curies":[{"name":"wp","href":"https:\/\/api.w.org\/{rel}","templated":true}]}}

Publié 2 ans il y a

Mis à jour 2 ans il y a

Publié le septembre 19, 2024

Mise à jour le septembre 19, 2024

Publié le septembre 19, 2024 2:53

Mise à jour le septembre 19, 2024 2:53

Étiquettes
