{"id":2296,"date":"2021-03-26T06:19:04","date_gmt":"2021-03-26T06:19:04","guid":{"rendered":"https:\/\/aims-cameroon.org\/?post_type=researcher&#038;p=2296"},"modified":"2021-04-01T16:36:47","modified_gmt":"2021-04-01T16:36:47","slug":"cyrille-kenne","status":"publish","type":"researcher","link":"https:\/\/aims-cameroon.org\/fr\/researcher\/cyrille-kenne\/","title":{"rendered":"Cyrille Kenne"},"content":{"rendered":"<div class=\"wp-block-cover has-background-dim profile-banner bg-alt\" style=\"background-color:none\"><div class=\"wp-block-cover__inner-container\">\n\n\n<a href=\"javascript:history.back()\"> <div class=\"profiles-btn\"> \n\n<div class=\"btn-left-sq bg-primary\"> <i class=\"fa fa-caret-left white-text\"> <\/i> <\/div>\n<div class=\"btn-text title-bold white-text\">Retour aux profils<\/div>\n\n<\/div>\n\n<\/a>\n\n<h2 class=\"profile-name\">Cyrille Kenne<\/h2>\n\n<p class=\"primary-bold profile-position prof-pos\"><span class=\"primary-text is-bold\"><\/span> <\/p>\n\n<p class=\"profile-info profile-tagline primary-bold prof-pos\"><span class=\"primary-text is-bold\"><\/span>doctorat Chercheur - Th\u00e9orie du contr\u00f4le et son application au changement climatique.<\/p><\/div><\/div>\n\n\n\n<div class=\"is-layout-flow wp-block-group pad-5 profile-body\"><div class=\"wp-block-group__inner-container\"><img decoding=\"async\" src=\"https:\/\/aims-cameroon.org\/wp-content\/uploads\/sites\/6\/2021\/03\/Kenne-2.png\"\/>\n\n\n<p><\/p>\n<\/div><\/div>","protected":false},"excerpt":{"rendered":"","protected":false},"author":4,"featured_media":2297,"parent":0,"template":"","meta":{"advgb_blocks_editor_width":"","advgb_blocks_columns_visual_guide":"","profile-researchername":"Cyrille Kenne","profile-researchercountry":"","profile-researcherprogram":"Ph.D. Researcher - Control Theory and its application to Climate Change."},"tags":[],"researcher_types":[23],"acf":[],"featured_img":"https:\/\/aims-cameroon.org\/wp-content\/uploads\/sites\/6\/2021\/03\/Kenne-2.png","coauthors":[],"author_meta":{"author_link":"https:\/\/aims-cameroon.org\/fr\/author\/adel\/","display_name":"adel"},"relative_dates":{"created":"Publi\u00e9 5 ans il y a","modified":"Mis \u00e0 jour 5 ans il y a"},"absolute_dates":{"created":"Publi\u00e9 le mars 26, 2021","modified":"Mise \u00e0 jour le avril 1, 2021"},"absolute_dates_time":{"created":"Publi\u00e9 le mars 26, 2021 6:19  ","modified":"Mise \u00e0 jour le avril 1, 2021 4:36  "},"featured_img_caption":"","tax_additional":{"post_tag":{"linked":[],"unlinked":[],"slug":"post_tag","name":"\u00c9tiquettes"},"researcher_types":{"linked":["<a href=\"https:\/\/aims-cameroon.org\/fr\/researcher_type\/research-fellow\/\" class=\"advgb-post-tax-term\">Research Fellow<\/a>"],"unlinked":["<span class=\"advgb-post-tax-term\">Research Fellow<\/span>"],"slug":"researcher_types","name":"Researcher Type"}},"series_order":"","_links":{"self":[{"href":"https:\/\/aims-cameroon.org\/fr\/wp-json\/wp\/v2\/researcher\/2296"}],"collection":[{"href":"https:\/\/aims-cameroon.org\/fr\/wp-json\/wp\/v2\/researcher"}],"about":[{"href":"https:\/\/aims-cameroon.org\/fr\/wp-json\/wp\/v2\/types\/researcher"}],"author":[{"embeddable":true,"href":"https:\/\/aims-cameroon.org\/fr\/wp-json\/wp\/v2\/users\/4"}],"version-history":[{"count":5,"href":"https:\/\/aims-cameroon.org\/fr\/wp-json\/wp\/v2\/researcher\/2296\/revisions"}],"predecessor-version":[{"id":3698,"href":"https:\/\/aims-cameroon.org\/fr\/wp-json\/wp\/v2\/researcher\/2296\/revisions\/3698"}],"wp:featuredmedia":[{"embeddable":true,"href":"https:\/\/aims-cameroon.org\/fr\/wp-json\/wp\/v2\/media\/2297"}],"wp:attachment":[{"href":"https:\/\/aims-cameroon.org\/fr\/wp-json\/wp\/v2\/media?parent=2296"}],"wp:term":[{"taxonomy":"post_tag","embeddable":true,"href":"https:\/\/aims-cameroon.org\/fr\/wp-json\/wp\/v2\/tags?post=2296"},{"taxonomy":"researcher_types","embeddable":true,"href":"https:\/\/aims-cameroon.org\/fr\/wp-json\/wp\/v2\/researcher_types?post=2296"}],"curies":[{"name":"wp","href":"https:\/\/api.w.org\/{rel}","templated":true}]}}

<div class="wp-block-cover has-background-dim profile-banner bg-alt" style="background-color:none"><div class="wp-block-cover__inner-container">


<a href="javascript:history.back()"> <div class="profiles-btn"> 

<div class="btn-left-sq bg-primary"> <i class="fa fa-caret-left white-text"> </i> </div>
<div class="btn-text title-bold white-text">Retour aux profils</div>

</div>

</a>

<h2 class="profile-name">Cyrille Kenne</h2>

<p class="primary-bold profile-position prof-pos"><span class="primary-text is-bold"></span> </p>

<p class="profile-info profile-tagline primary-bold prof-pos"><span class="primary-text is-bold"></span>doctorat Chercheur - Théorie du contrôle et son application au changement climatique.</p></div></div>



<div class="is-layout-flow wp-block-group pad-5 profile-body"><div class="wp-block-group__inner-container"><img decoding="async" src="https://aims-cameroon.org/wp-content/uploads/sites/6/2021/03/Kenne-2.png"/>


<p></p>
</div></div>

Publié 5 ans il y a

Mis à jour 5 ans il y a

Publié le mars 26, 2021

Mise à jour le avril 1, 2021

Publié le mars 26, 2021 6:19

Mise à jour le avril 1, 2021 4:36

Étiquettes
